tors of 120.
2, 3, 5
What are the prime factors of 15876?
2, 3, 7
What are the prime factors of 880?
2, 5, 11
What are the prime factors of 7010?
2, 5, 701
List the prime factors of 6663.
3, 2221
What are the prime factors of 2591?
2591
List the prime factors of 198225.
3, 5, 881
What are the prime factors of 1628?
2, 11, 37
List the prime factors of 9.
3
What are the prime factors of 11432?
2, 1429
List the prime factors of 135.
3, 5
List the prime factors of 27053.
13, 2081
List the prime factors of 250.
2, 5
What are the prime factors of 5467?
7, 11, 71
List the prime factors of 1437.
3, 479
List the prime factors of 2163.
3, 7, 103
What are the prime factors of 2357?
2357
What are the prime factors of 17124?
2, 3, 1427
List the prime factors of 3177.
3, 353
What are the prime factors of 10253?
10253
What are the prime factors of 45001?
11, 4091
List the prime factors of 2177.
7, 311
List the prime factors of 155829.
3, 127, 409
List the prime factors of 30887.
67, 461
What are the prime factors of 30485?
5, 7, 13, 67
List the prime factors of 619.
619
What are the prime factors of 5659?
5659
What are the prime factors of 245?
5, 7
List the prime factors of 18738.
2, 3, 347
What are the prime factors of 1604?
2, 401
What are the prime factors of 3383?
17, 199
What are the prime factors of 152355?
3, 5, 7, 1451
What are the prime factors of 28636?
2, 7159
List the prime factors of 7251.
3, 2417
What are the prime factors of 3750?
2, 3, 5
What are the prime factors of 28010?
2, 5, 2801
List the prime factors of 465.
3, 5, 31
What are the prime factors of 12592?
2, 787
What are the prime factors of 7982?
2, 13, 307
List the prime factors of 10353.
3, 7, 17, 29
List the prime factors of 26069.
131, 199
What are the prime factors of 5335?
5, 11, 97
What are the prime factors of 34675?
5, 19, 73
What are the prime factors of 29029?
7, 11, 13, 29
List the prime factors of 1518.
2, 3, 11, 23
What are the prime factors of 178?
2, 89
What are the prime factors of 21207?
3, 7069
List the prime factors of 65780.
2, 5, 11, 13, 23
What are the prime factors of 331?
331
List the prime factors of 3431.
47, 73
What are the prime factors of 47288?
2, 23, 257
What are the prime factors of 21065?
5, 11, 383
What are the prime factors of 2161?
2161
List the prime factors of 88.
2, 11
List the prime factors of 1111.
11, 101
What are the prime factors of 1056?
2, 3, 11
What are the prime factors of 28682?
2, 14341
List the prime factors of 21660.
2, 3, 5, 19
List the prime factors of 2066.
2, 1033
What are the prime factors of 2660?
2, 5, 7, 19
What are the prime factors of 85793?
85793
What are the prime factors of 3884?
2, 971
What are the prime factors of 5263?
19, 277
What are the prime factors of 29696?
2, 29
What are the prime factors of 84588?
2, 3, 7, 19, 53
What are the prime factors of 2481?
3, 827
What are the prime factors of 1434?
2, 3, 239
List the prime factors of 4495.
5, 29, 31
What are the prime factors of 6876?
2, 3, 191
List the prime factors of 82.
2, 41
List the prime factors of 126859.
126859
What are the prime factors of 5476?
2, 37
What are the prime factors of 327?
3, 109
List the prime factors of 274.
2, 137
What are the prime factors of 694?
2, 347
List the prime factors of 505.
5, 101
What are the prime factors of 26722?
2, 31, 431
What are the prime factors of 4327?
4327
What are the prime factors of 59647?
7, 8521
What are the prime factors of 5434?
2, 11, 13, 19
List the prime factors of 1174.
2, 587
What are the prime factors of 31015?
5, 6203
What are the prime factors of 3000?
2, 3, 5
List the prime factors of 12300.
2, 3, 5, 41
What are the prime factors of 71693?
71693
List the prime factors of 6.
2, 3
What are the prime factors of 922?
2, 461
List the prime factors of 912.
2, 3, 19
List the prime factors of 3432.
2, 3, 11, 13
What are the prime factors of 16397?
19, 863
List the prime factors of 1881.
3, 11, 19
What are the prime factors of 38482?
2, 71, 271
What are the prime factors of 150120?
2, 3, 5, 139
List the prime factors of 22937.
22937
What are the prime factors of 950?
2, 5, 19
What are the prime factors of 14494?
2, 7247
List the prime factors of 4681.
31, 151
What are the prime factors of 64543?
19, 43, 79
List the prime factors of 72374.
2, 36187
What are the prime factors of 6302?
2, 23, 137
List the prime factors of 2920.
2, 5, 73
What are the prime factors of 3217?
3217
What are the prime factors of 5446?
2, 7, 389
List the prime factors of 35515.
5, 7103
What are the prime factors of 835?
5, 167
List the prime factors of 1291.
1291
List the prime factors of 20740.
2, 5, 17, 61
What are the prime factors of 1193?
1193
List the prime factors of 43546.
2, 21773
List the prime factors of 1151.
1151
What are the prime factors of 32992?
2, 1031
What are the prime factors of 28544?
2, 223
List the prime factors of 910.
2, 5, 7, 13
What are the prime factors of 11483?
11483
What are the prime factors of 3631?
3631
List the prime factors of 612.
2, 3, 17
What are the prime factors of 1675?
5, 67
List the prime factors of 28696.
2, 17, 211
List the prime factors of 2049.
3, 683
List the prime factors of 24806.
2, 79, 157
What are the prime factors of 4759?
4759
List the prime factors of 36.
2, 3
What are the prime factors of 2448?
2, 3, 17
What are the prime factors of 11919?
3, 29, 137
What are the prime factors of 5199?
3, 1733
What are the prime factors of 67510?
2, 5, 43, 157
What are the prime factors of 729?
3
List the prime factors of 4239.
3, 157
What are the prime factors of 534?
2, 3, 89
List the prime factors of 44941.
13, 3457
List the prime factors of 4612.
2, 1153
List the prime factors of 261.
3, 29
List the prime factors of 148.
2, 37
List the prime factors of 1277.
1277
List the prime factors of 42888.
2, 3, 1787
List the prime factors of 3381.
3, 7, 23
What are the prime factors of 1055?
5, 211
What are the prime factors of 627?
3, 11, 19
What are the prime factors of 23742?
2, 3, 1319
What are the prime factors of 646?
2, 17, 19
What are the prime factors of 580?
2, 5, 29
List the prime factors of 129188.
2, 32297
What are the prime factors of 890?
2, 5, 89
List the prime factors of 120.
2, 3, 5
List the prime factors of 89573.
11, 17, 479
What are the prime factors of 102226?
2, 79, 647
What are the prime factors of 5351?
5351
List the prime factors of 476.
2, 7, 17
What are the prime factors of 93087?
3, 10343
List the prime factors of 21743.
17, 1279
What are the prime factors of 1494?
2, 3, 83
List the prime factors of 29997.
3, 11, 101
List the prime factors of 3045.
3, 5, 7, 29
List the prime factors of 1538.
2, 769
List the prime factors of 3737.
37, 101
List the prime factors of 20687.
137, 151
What are the prime factors of 6698?
2, 17, 197
What are the prime factors of 19407?
3, 6469
List the prime factors of 1485.
3, 5, 11
What are the prime factors of 99?
3, 11
List the prime factors of 80307.
3, 8923
What are the prime factors of 36901?
36901
List the prime factors of 2896.
2, 181
List the prime factors of 35085.
3, 5, 2339
List the prime factors of 53045.
5, 103
What are the prime factors of 23435?
5, 43, 109
List the prime factors of 963.
3, 107
What are the prime factors of 16249?
16249
What are the prime factors of 9358?
2, 4679
List the prime factors of 597.
3, 199
List the prime factors of 38425.
5, 29, 53
What are the prime factors of 1340?
2, 5, 67
List the prime factors of 37123.
37123
What are the prime factors of 17849?
13, 1373
List the prime factors of 5095.
5, 1019
What are the prime factors of 7075?
5, 283
List the prime factors of 5595.
3, 5, 373
What are the prime factors of 31893?
3, 10631
What are the prime factors of 17583?
3, 5861
List the prime factors of 6321.
3, 7, 43
What are the prime factors of 16596?
2, 3, 461
List the prime factors of 5167.
5167
What are the prime factors of 15167?
29, 523
List the prime factors of 1076.
2, 269
What are the prime factors of 46353?
3, 15451
List the prime factors of 1596.
2, 3, 7, 19
What are the prime factors of 3024?
2, 3, 7
List the prime factors of 2881.
43, 67
What are the prime factors of 6527?
61, 107
What are the prime factors of 2337?
3, 19, 41
What are the prime factors of 8588?
2, 19, 113
What are the prime fa